 -7*m + 1320 = -q*m. What is the hundreds digit of m?
2
Let c = -12 - 41. Let b = c + 62. Let p(v) = -v**3 + 9*v**2 + 12*v - 11. What is the tens digit of p(b)?
9
Let l be (2/(-6))/((-38)/18 - -2). Suppose 3*z = 4*p - 591, 0 = l*z + z - 12. Let q = -53 + p. What is the tens digit of q?
9
What is the ten thousands digit of ((-11)/22)/(167985/167990 + -1) + -3?
1
Let o be (-5)/(-6 - (-20)/4). Suppose -5*q = -3*x - 3879, o*x - 3*x = 3*q - 2327. What is the hundreds digit of q?
7
Suppose -10*y - 6 - 54 = 0. What is the hundreds digit of (-171)/(((-5)/y)/(-5))?
0
What is the tens digit of (-25142055)/(-509)*2/2?
9
Let j be (-5057)/5 - (-80)/200. Let w = 1560 + j. What is the units digit of w?
9
Let d = -604 - -2179. Let s = d + -1035. What is the tens digit of s?
4
Let b = 88 - 25. Suppose 0 = 10*h - 1053 + b. What is the tens digit of h?
9
Let s = -20 + 22. Let j be (0 - 2) + 2*s. Suppose d - 94 = -3*v, 2*v + j*d + 29 - 85 = 0. What is the units digit of v?
3
Let u(a) = a**3 + 18*a**2 - 12*a - 21. Let o be u(-18). Suppose 57 = 3*d - o. Let g = d - 74. What is the units digit of g?
0
Suppose 39502 = 4*p - v, -28*p = -31*p + 3*v + 29613. What is the units digit of p?
7
Suppose 0 = 3*f - 0*f. Suppose 4*h = -0*c + c - 19, -2*c + 5*h + 41 = 0. Let r = c - f. What is the tens digit of r?
2
Let g = 6032 - 3388. Suppose 2*y = 6*y + 5*d - g, -3*y = 4*d - 1983. What is the tens digit of y?
6
Suppose -100584 = -73*h + 107272 + 131302. What is the hundreds digit of h?
6
Let q = 231 + 49. What is the hundreds digit of q?
2
Let f = 946 - 741. What is the tens digit of f?
0
Suppose -24*a + 18642 + 311118 = 0. What is the hundreds digit of a?
7
What is the thousands digit of 5405184/1120 + 8/(-140)?
4
Let c = -8157 - -10117. What is the units digit of c?
0
Let r(y) = -9*y - 56. Let t be r(-7). Let f be ((24/t)/4)/(18/84). Suppose 4*v + 5*a = 423, f*a + 28 - 8 = 0. What is the units digit of v?
2
Let s = -143 - -144. What is the units digit of (-78)/4*(-3 + s)?
9
Let u(c) = 257*c**2 - 3*c - 476. What is the hundreds digit of u(17)?
7
Let o = -49 - -46. Let t be -2 + 2 + o + (-14)/(-2). Suppose t*r - 33 = 3. What is the units digit of r?
9
Let d(c) = 677*c**2 - 117*c - 2. What is the thousands digit of d(3)?
5
Let p(j) = j + 1. Let c be p(-5). Let z be 7 - ((c - -11) + -4). Suppose -u = w - 15, -2*w + 36 = z*u - 0*u. What is the units digit of w?
2
Suppose 77211 = 14*t + 16059. Suppose t = 31*y - 19*y. What is the tens digit of y?
6
Let k(d) = 15*d + 149. Let h be k(-33). Let o = h - -677. What is the tens digit of o?
3
Suppose 3*l = 3*r + 3123, 0 = -l - 2*r - r + 1037. Suppose -15*n - l = -17*n. What is the hundreds digit of n?
5
Suppose -k + 5*l - 17 = 2*k, 4*k + 3*l + 13 = 0. Let j(x) = x + 4. Let f be j(k). Suppose f = 4*z - 5*z + 57. What is the tens digit of z?
5
Suppose 37*o + 58341 = 401479. What is the hundreds digit of o?
2
Let b be (80/(-14))/(4/(-14)). Suppose 0 = -7*o + 3*o + b. Suppose 0 = 4*y - 4*k - 120, 4*k - o = 15. What is the tens digit of y?
3
Let q be (-1)/((-5)/(-3)) - (-266)/35. Suppose q*x - 6 = 15. Suppose -2*n = x*v - 0*v - 154, 0 = -2*v. What is the tens digit of n?
7
Suppose u = -4*c + 2*u - 23, 5*c + 20 = 3*u. Let j be ((-110)/(-15) + c)/(2/984). Let q = j + 114. What is the units digit of q?
8
What is the hundreds digit of 16493/((-54)/(-120)*4 + 24/(-30))?
4
Let s = 11405 + -4663. What is the thousands digit of s?
6
Let g(l) = -66*l - 7. Suppose 5*r - 7 = 2*w, 0 = -3*w + r - 0*r - 17. What is the tens digit of g(w)?
8
Let s(q) = -q**2 + 11*q - 12. Let r(m) = -m**3 + 3*m**2 + 4*m - 7. Let z be r(3). Let w be s(z). Suppose w*g = 22*g - 456. What is the tens digit of g?
1
Let v(x) = 173*x - 38*x - 13 - 66*x. What is the units digit of v(1)?
6
Let g be 24*(1*3/(-4))/1. What is the hundreds digit of 3 + (768 - 1) + 14 + g?
7
Let t = -80230 + 158070. What is the ten thousands digit of t?
7
Let p = -1928 + 8999. What is the tens digit of p?
7
Let l be (-36)/(-2) + (21 - 20). Let i = l - 1. Suppose 0 = -19*a + i*a + 99. What is the tens digit of a?
9
Suppose n + 10 = -3*n + 2*z, 0 = 4*n + 3*z + 5. Let w(q) = 27*q**2 + q - 4. Let o be w(n). Let i = o + -85. What is the tens digit of i?
1
Let p(d) be the first derivative of -4 + 6*d - 1/3*d**3 - 2*d**2. What is the units digit of p(-4)?
6
Let i(l) be the third derivative of -l**6/24 + l**5/24 + 11*l**4/12 + 21*l**2. Let w(m) be the second derivative of i(m). What is the tens digit of w(-5)?
5
Let r(q) = q**2 + 1. Let h(o) = -o**2 - o - 1. Let s(v) = -v**2 + 5*v - 6. Let b(y) = 4*h(y) - s(y). Let w(n) = b(n) + 4*r(n). What is the tens digit of w(13)?
5
Let k(w) = w**2 - 9*w - 27. Let o = -12 - -24. Let q be k(o). What is the tens digit of (-3*(-58)/18 - -3)*q?
1
Let s = 942 + -356. Suppose m - 268 = s. What is the hundreds digit of m?
8
Let v(u) = u**3 - 17*u**2 + 17*u - 15. Let d be v(16). Let x be (2/6 + 0)/d*195. Suppose -r + x = 30. What is the tens digit of r?
3
Let w = 2 + -2. Let n(i) = i + 56 + 1 - 10 - i**3 + 45 - 2*i**2. What is the units digit of n(w)?
2
Let i(m) = -743*m - 7266. What is the ten thousands digit of i(-33)?
1
Suppose -3*j - 37 + 55 = 0. Let a = 84 + 312. Suppose a = j*c - 576. What is the units digit of c?
2
Suppose -16*f + 3027 + 829 = 0. Suppose -q + f = -2*k, 2*q - 3*k = 457 + 28. What is the hundreds digit of q?
2
Suppose 57 - 85 = -4*b, -4*h = 5*b - 118775. What is the ten thousands digit of h?
2
Let d = -47 + 47. Let m = 5 + 0. Suppose d = t - x - 34, m*x - 26 = 3*t - 136. What is the units digit of t?
0
Suppose -3*z + 2999 = 2*a, 0 = z + 2*z + 15. Let v = a + -1045. What is the units digit of v?
2
Let a = 95 - 95. Suppose a = -17*o + 8*o + 666. What is the tens digit of o?
7
Let a be -3*((-56)/(-12))/(-7). Suppose -a*w + 4*l = -16, -3*l - 11 = -2*w + 2. Suppose -b + 4*b - 521 = -4*n, w*n - 3*b = 283. What is the tens digit of n?
3
Let l(q) = -6*q + 215. Let b be l(35). Suppose b*v = y - 623, 2*y + 3*y - 3031 = -3*v. What is the hundreds digit of y?
6
Suppose 0 = m - 4*m - 42. Let w(s) = -s**3 - 14*s**2 - 2*s + 3. Let p be w(m). Suppose 0 = -h - 4*h + d + p, 0 = 5*h + 3*d - 47. What is the units digit of h?
7
Let q(y) = y**3 - 2*y**2 - 11*y - 16. Let n be q(-5). Let a = n + 437. What is the tens digit of a?
0
Let w(u) = -2*u**3 - 6*u**2 + 10*u - 7. Let t be w(-15). What is the tens digit of t/42 - 1/(-6)?
2
Suppose w + 2*w - 264 = 0. Let v(q) = -q**3 - 7*q**2 + 3. Let f be v(-5). Let c = w + f. What is the units digit of c?
1
Let c = 37 + -34. Suppose -c*m + 147 = -315. Suppose -2*b + 158 = -m. What is the tens digit of b?
5
Suppose v = -3*q + 1 + 7, v = -2*q + 5. What is the hundreds digit of (5750/15)/(2 - 4/q)?
5
Suppose -2087 = -4*c + 3*c + s, 0 = -3*s - 9. Suppose -2*q + c = 3*y, 5*q - 1047 = -2*y + 4185. What is the hundreds digit of q?
0
Let j(o) = -o**2 - 9*o - 38. Let s be j(-14). Let t be 24/s + 25/(-9). What is the units digit of (-113)/(-1) - 2 - t?
4
Suppose 48*p - 910498 = 1006360 - 701738. What is the tens digit of p?
1
Suppose 101 + 214 = 3*x. Let d = x - 59. What is the hundreds digit of (-4)/(16/d)*1*-14?
1
Suppose -5*k - 3*o + 10 = 0, 10*o + 10 = 5*k + 6*o. Suppose -5*u + 6*u - 5*f - 30 = 0, 2*u = -k*f + 24. Suppose 11*g = u*g - 524. What is the units digit of g?
1
Let q be (6/(-4))/((39/10)/(-13)). Suppose -q*v = -0*v - 70. What is the units digit of v?
4
Let m = -4 - -4. Let k be (m + -1)/((-10)/40). Suppose -v - 201 = -2*u, -525 = -5*u + 2*v - k*v. What is the tens digit of u?
0
Let k(s) be the third derivative of -5*s**4/4 - 8*s**3/3 + 22*s**2. Let l = -59 - -52. What is the hundreds digit of k(l)?
1
Let y(l) = 4*l - 23. Let z be y(7). Suppose -2*k = -g + 668, -z*g + k + 4206 - 875 = 0. Suppose -7*m - g = -13*m. What is the tens digit of m?
1
Let d(o) = -9*o - 34. Let a be d(-10). Let u = a + -59. What is the units digit of (u + (-9)/(-2))/((-2)/(-52))?
9
Let m = -15687 - -34093. What is the tens digit of m?
0
Let r(p) = -2*p**2 + 3*p - 6. Let f be r(2). What is the tens digit of (390/f - -4)/((-1)/12)?
3
Let r = -45 - -102. Suppose 63 = -q + 6*q - 4*g, 21 = q + 2*g. Let s = q + r. What is the units digit of s?
2
Suppose -h - 5*m + 161 = 0, 2*h + 3*m = -3*h + 739. Suppose 6 = -h*a + 149*a. Suppose 0 = -5*f, -431 = -4*t + a*f - 103. Wha